 84. What is the remainder when 59 is divided by 0 + u/42 + (-326)/(-14)?
13
Let i be (5/(-2))/(20/(-16)). Suppose 3*m - m = i*l - 70, l - 43 = 5*m. Calculate the remainder when 128 is divided by l.
29
Let p = 81 - -258. Let n be (-3 - -3)/(2 + 0) + 1. Calculate the remainder when ((-10)/(-30))/(n/p) is divided by 38.
37
Let j(h) = 2*h**3 - 32*h**2 + 114*h + 7. What is the remainder when 17536 is divided by j(4)?
77
Let m = 16 + 0. Suppose 5*k = 13*k - m. Suppose 0 = -4*r - k*l + 58, r - 73 = -3*r - 5*l. What is the remainder when 33 is divided by r?
9
Let w(u) = -u**3 - 35*u**2 - 96*u - 4. Let j be w(-32). Let k(t) = 13*t**2 - 3*t - 22. Calculate the remainder when k(j) is divided by 53.
39
Suppose -k - 5*j - 21 = -2*k, -j = 2*k - 75. Let a = 20 + k. What is the remainder when a is divided by -1*19*1/(4/(-4))?
18
Let b(k) = -1976*k + 856. Calculate the remainder when b(-3) is divided by 22.
8
Let x be -4*(-1 - 5/(-20)). Suppose -3*v + 48 = 5*v. Calculate the remainder when (2/(-3) - (-152)/v)*x is divided by 39.
35
Suppose 110 = 5*w - 0*w. Let u = 52 + -19. Let q = -21 + u. Calculate the remainder when w is divided by q.
10
Suppose -5*g + z + 41 = 0, 0 = 226*g - 228*g - z + 22. What is the remainder when 664 is divided by g?
7
Let u = -2980 + 3312. Calculate the remainder when u is divided by 128.
76
Suppose 120 = 11*c + 4*c. Suppose 77 = c*l - 163. What is the remainder when l is divided by ((-10)/4 + 2)*-22?
8
Let q(j) = -j**2 + 14*j + 7. Let p(r) = -r - 3. Let y be (-5)/40*-2 + (-226)/8. What is the remainder when q(10) is divided by p(y)?
22
Suppose 0 = 6*a - 5*a - 22. Let g = -71 - -73. Suppose -4 = -g*z - 4*t, 2*z + t = 11 - 1. What is the remainder when a is divided by z?
4
Let d = 5029 - 4433. What is the remainder when 1194 is divided by d?
2
Let g = -52 - -68. Suppose j = -g*j + 68. Calculate the remainder when 34 is divided by j.
2
Suppose 696*p - 686855 = 931345. What is the remainder when 4650 is divided by p?
0
Suppose 5*n = -1199*h + 1204*h - 720, -h - 2*n = -123. What is the remainder when h is divided by 66?
5
Let r(y) = y**2 + 11*y - 7. Let f(a) = -3*a - 3. Let b(p) = -3*p**2 + 2*p - 1. Let o be b(1). Let x be f(o). Calculate the remainder when r(x) is divided by 12.
11
Let c(y) = 46*y**3 - 1. Let q(j) be the second derivative of 17*j**4/6 + 2*j**3/3 + 2*j**2 + 15*j. Calculate the remainder when q(-2) is divided by c(1).
42
Let r = 15 + -11. Suppose 4*k - r*a + 214 = 6*k, -325 = -3*k - 5*a. Suppose 0 = -5*q - 0*q + 195. Calculate the remainder when k is divided by q.
37
Let h = 3751 - 3748. Calculate the remainder when 12 is divided by h.
0
Suppose -3*c = 2*r - 25, 3*c = 5*r + 4 - 14. Suppose 26 - 261 = -c*k. Calculate the remainder when k is divided by 11.
3
Let s(t) = -111*t - 705. What is the remainder when 4102 is divided by s(-7)?
70
Suppose -156*t = -157*t + 4*h + 24, -2*t = 2*h - 68. What is the remainder when 9533 is divided by t?
29
Let u(s) = 2*s**2 + 4*s - 5. Let o be u(2). Suppose -q - 151 = -5*q - 5*a, 5*q + 4*a = 182. Let g = q - o. Calculate the remainder when 44 is divided by g.
21
Suppose -27*p + 405 = -27*p + 27*p. Calculate the remainder when 1808 is divided by p.
8
Let h = -89 - -240. Let a = h + 6. Calculate the remainder when a is divided by 53.
51
Let h = -8281 - -8545. Calculate the remainder when 9502 is divided by h.
262
Let h be ((-548)/(-8))/((-6)/24). Let g = h + 284. Calculate the remainder when 48 is divided by g.
8
Let f be (-1 + 37/(-3))*24/(-5). Suppose -5*b + 19 = d - 7, -3*b = 5*d - f. Suppose 0 = d*t - t - 960. Calculate the remainder when t is divided by 14.
12
Suppose -2*i + 20 = 3*h - 4*h, -44 = -3*i - 2*h. Let a(b) = 35*b**2 + 2*b + 1. Let r be ((-1)/4)/(4/16). Calculate the remainder when a(r) is divided by i.
10
Let y(c) = 5*c - 4. Suppose -4*m + 21 = 5. Calculate the remainder when y(5) is divided by (-3 + m)*((-1 - -8) + -1).
3
Suppose 0 = 452*d - 465*d + 221. Calculate the remainder when 966 is divided by d.
14
Let q(n) = -n**2 - 3*n + 118. Suppose 0 = 13*i - 10*i - 6. Suppose i*v + 11 = 11. What is the remainder when q(v) is divided by 30?
28
Let s = -47001 + 47009. Suppose -498 = -2*n - n. Calculate the remainder when n is divided by s.
6
Let h be (-4377)/6 + (-2 - 40/(-16)). Let q = h - -1246. What is the remainder when q is divided by 14?
13
Let w(x) = x**3 + 7*x**2 + 9*x + 19. Let s be w(-6). Suppose -s - 51 = -4*p. Suppose -8*o = -12*o + 248. What is the remainder when o is divided by p?
10
Let g = -114 - -116. Suppose g*k - 6*k = -96. What is the remainder when k is divided by (0 - (-27)/12)*4?
6
Suppose s - 4*s = t - 1307, -3*t = 5*s - 2177. What is the remainder when s is divided by 11?
7
Let a(p) = 47*p + 6. Let l be 17 + -2 - (-4)/((-20)/15). Let b = l + -9. Calculate the remainder when a(b) is divided by 37.
36
Let b(j) = 2*j - 1. Let d be (0 + 7)/(2 - 35/20). Let u be (((-1)/2)/(2/d))/(-1). Calculate the remainder when 46 is divided by b(u).
7
Suppose -22*z + 4575 - 417 = 0. Calculate the remainder when z is divided by 100.
89
Let r = 8 + 4. What is the remainder when 688/10 + (-226)/(-1130) is divided by r?
9
Suppose -s = 2*s - 9. Let n be 36/((-2)/2) + s. Let u = n - -40. Calculate the remainder when 27 is divided by u.
6
Suppose -5*q - 1 = -3*r + 3, 2*q = 2*r. What is the remainder when 66 is divided by (-1 + (1 - 1))/(q/50)?
16
Let x = 13 - 8. Suppose x*h + 1215 = 6055. Suppose -h = -14*y + 3*y. What is the remainder when y is divided by 18?
16
Let y = 12 - 10. Let s(r) = -3 + 5*r**2 - 3*r - 3*r**2 + 0*r**2 + 3*r**y. Calculate the remainder when s(-4) is divided by 23.
20
Calculate the remainder when 3006 is divided by (-2)/5*(12 - 32).
6
Suppose 0 = -3*d + 17 + 292. What is the remainder when d is divided by 94?
9
Suppose -161*r = -1110 - 17. Calculate the remainder when 3735 is divided by r.
4
Calculate the remainder when 2736 is divided by -4*(15 + (-497)/28).
8
Suppose -126*a + 28053 = 4617. What is the remainder when 1305 is divided by a?
3
Let q(c) be the first derivative of 3*c**2 - 29*c + 3. Suppose 6*l + 7 = 3*u + 2*l, 2*u - 4*l + 2 = 0. Calculate the remainder when 99 is divided by q(u).
24
Let l = 3097 + -3022. What is the remainder when 5169 is divided by l?
69
Let d(c) = 14*c**3 + 24 - 15*c**3 - c**2 + 47. Suppose -3*a - 5 = -59. What is the remainder when d(0) is divided by a?
17
Let v = -49 + 102. Calculate the remainder when (-9495)/120*(-232)/87 is divided by v.
52
Suppose 2*l + 620 = -4*r, 16 = -5*r - 4. Let b = 206 + l. Calculate the remainder when 49 is divided by (-88)/(-7) - (b/28 - -3).
10
Let o(c) = -14*c - 79. Suppose -6*g + 27 - 3 = 0. Suppose 9*b - g*b - 57 = -4*u, 0 = 3*b - 4*u - 47. Calculate the remainder when b is divided by o(-6).
3
Let x(j) = -18*j + 345. Let d = -7 + 12. Suppose d*v - 9 = -p, 3*v - p - 7 = -2*p. Calculate the remainder when x(19) is divided by v.
0
Let l be (-5983)/(-21) + (24/(-63))/(-4). Suppose -246 = -0*t + 3*t. Let w = l + t. Calculate the remainder when w is divided by 41.
39
What is the remainder when 4/54 - (-733976)/621 is divided by 79?
76
Calculate the remainder when ((-2971800)/(-1710) - 2/(-19)) + 7 is divided by 431.
21
Let n(b) be the second derivative of 5*b**4/12 + b**3 - 8*b**2 + 31*b. What is the remainder when ((-6)/8)/((-3)/312) is divided by n(2)?
14
Suppose 5*a = -5*t + 295, -a = 2*t - 3*a - 102. What is the remainder when t is divided by 17787/588 - ((-1)/(-4) + -1)?
24
Let m(s) = -2*s + 21. Let w be m(7). Suppose -4*k - 159 = -w*k. What is the remainder when k is divided by 4 - -4 - 4 - (-7 - -2)?
8
Suppose 0 = -56*u + 128*u - 86616. What is the remainder when u is divided by 35?
13
Let y(j) = -j**2 - 31*j - 189. Calculate the remainder when 251 is divided by y(-19).
17
Suppose -332*i + 13311 = -1679 - 7254. Suppose -46 = -3*x + 32. Calculate the remainder when i is divided by x.
15
Let t(b) = -b**3 + 7*b**2 + 9*b - 3. Let u be t(8). Calculate the remainder when 39 is divided by u/(-15) - (-156)/9.
5
Suppose -3*k - 2 = z - 1, -2*k + 25 = 3*z. Suppose 0 = -y - 1 + 6. Suppose 168 = z*b - y*b. What is the remainder when b is divided by 11?
6
Suppose 2*f - 986 = -5*s, 4*f + 3*s - 2024 = 6*s. What is the remainder when f is divided by 42?
41
Calculate the remainder when (-2)/11 + 3*22610/